j, -n - l + 0*l - 21 = 0. What is the units digit of (7 + n)*(-2)/5?
4
Let c(i) = -11*i + 104. Let l be c(9). Suppose -l*u = 4*y - 1900, -2*u - 14*y + 12*y = -758. What is the hundreds digit of u?
3
Suppose -4*u - 81 = 11. Suppose -y + 877*t - 878*t + 106 = 0, -5*y - 2*t + 521 = 0. Let k = y - u. What is the tens digit of k?
2
Suppose -3*k - 5*z = 13, -4*k + 5*k - 19 = 3*z. Suppose 3*d + 4*y + 101 = 0, 4*d - y - k*y + 145 = 0. Let n = 4 - d. What is the tens digit of n?
3
What is the units digit of (-1353)/(-902)*22822/(-3)*-1?
1
Let c(y) = 18*y**2 + 13*y - 47. What is the thousands digit of c(10)?
1
Suppose 67524 = 67*m - 44902. What is the hundreds digit of m?
6
Let z = 93 - 90. Let o be 0 + z - (5 - 70). Suppose -o = 2*u - 198. What is the units digit of u?
5
Suppose -4*g + 55 = -5*b, 24*b - 26 = 27*b - g. What is the units digit of (10 - 2) + b + 1420?
1
What is the thousands digit of ((-429)/(-26))/((-18)/(-3036))?
2
Suppose 33769 + 1070 + 25878 = 111*j. What is the units digit of j?
7
Let x(n) be the third derivative of -n**4 + 11*n**3/6 - 112*n**2. What is the units digit of x(-23)?
3
Suppose 0 = -2*x - 3*d - 11, -25*x = -22*x + 4*d + 14. What is the hundreds digit of x/((-16)/(-1364))*(-2 + 6)?
6
Let u(d) = 31*d - 29. Let z be u(6). What is the units digit of (3 + -3 - -1)*z?
7
Suppose -o = -4*l + 64070, -4*l = -4*o - 19141 - 44947. What is the tens digit of l?
1
Let d(l) = 8*l**3 + 2*l**2 + 2*l + 3. Let r be d(0). Let h = -1 + 3. Suppose 426 = 2*t + 4*w, -1044 = -h*t - r*t - 3*w. What is the units digit of t?
7
Let d be (-1)/5 + (-160)/(-50). What is the units digit of (-6 - -9) + d + (593 - -3)?
2
Let b be 4/18 + 4066/9. Let k = -250 + b. What is the hundreds digit of k?
2
What is the tens digit of (((-34)/68)/(1/29))/(8/(-7888))?
9
Suppose -4*y - 57 + 73 = 0. Let d(v) = 13*v - 16. Let r be d(y). Suppose j = r + 20. What is the tens digit of j?
5
Suppose -9*r = 181 - 874. Suppose -74*l - 717 = -r*l. What is the tens digit of l?
3
Suppose 3*y + 7023 = 2*p, -4*y + 1313 = 5*p - 16187. What is the units digit of p?
4
What is the thousands digit of ((-922)/(-4))/(2/(-32))*(-60)/120?
1
Suppose -9449*b - 149442 = -9452*b. What is the thousands digit of b?
9
Suppose -9*h + 10565 = a - 8*h, 5*h + 52865 = 5*a. What is the units digit of a?
9
Let t = 1315 - 849. Suppose -5*n + 16 = 6, 2*s + 2*n = t. What is the hundreds digit of s?
2
Let p = 31011 + -22137. What is the units digit of p?
4
Let p(g) = 2*g**2 + 209*g + 7910. What is the thousands digit of p(-64)?
2
Let x be ((0 - 4)/2)/(2/(-5)). Suppose -x*a - 34 = 11. Let r(k) = 2*k**2 + 12*k - 25. What is the tens digit of r(a)?
2
Let c = -304 + 303. What is the tens digit of (7 - -522) + c + 0?
2
Let v = -469 - -677. Suppose 85 = 2*w - 3*w. Let a = v + w. What is the hundreds digit of a?
1
Let q(c) = -c**2 + 26*c + 190. Let o be q(32). What is the units digit of 73 + -50 + 5/2*o?
8
Suppose -11*b = -10*b - 136. Let p = 19 + -21. What is the tens digit of b*((-6)/4 - p)?
6
Let a = -1008 + 1428. Suppose -i + 176 = 2*x - 235, 0 = -i + x + a. Suppose -h + 4*h + 5*m - i = 0, -12 = -4*m. What is the hundreds digit of h?
1
What is the tens digit of (2*(-10)/25 - (-234882)/15) + 1?
5
What is the units digit of (0 + 1107/(-6))/((-14)/28)?
9
Suppose 5*m + 660 = -6*u + 11*u, 0 = 5*m + 5. Let k = 143 - u. Suppose -5*l = a - 1210, -k = 5*a + 13. What is the units digit of l?
3
Let j(q) = q**3 + 48*q**2 - 77*q - 792. What is the thousands digit of j(-34)?
8
Suppose -4*o - 2*n - n = 294, -3*o = 4*n + 224. Let j = o + 176. What is the units digit of (-26)/j - (169/(-4) - -1)?
1
What is the hundreds digit of ((-16)/(224/(-63)))/(5/9620)?
6
Let b be (-18)/(-6) + 5 + 25 + -6. What is the tens digit of -9*(2 - 99/b)?
1
Suppose -7*k = -6*k + 20. Let a = k + 25. Let z(t) = 3*t**2 + 7*t + 4. What is the tens digit of z(a)?
1
What is the tens digit of (-6)/45 + (35038176/180)/4?
6
What is the units digit of (-13)/15 + 1 - 48617349/(-1845)?
1
Suppose -11119 = 26*q - 35753 - 12442. What is the units digit of q?
6
Suppose 4288*q + 2695812 = 4355*q. What is the units digit of q?
6
What is the units digit of -13 + (-130)/(-10) + (4774 - (1 + 2))?
1
Suppose -o - 2 = -0*o, 0 = 4*p - 2*o + 44. Let v be (-50)/p - (-3)/(-18). Suppose 0 = -3*y - v*w + 303, -2*w = -5*y - 3*w + 488. What is the tens digit of y?
9
Suppose -3*u + 5 = -5*i, 4*u + 0*i = 3*i + 3. Suppose u = -a + 64 - 12. Let y = 36 + a. What is the tens digit of y?
8
Suppose 0*c = -5*c - g + 16, 0 = -2*c - 2*g. Let q = c + 0. Suppose -q*b = -6 - 302. What is the units digit of b?
7
Let x = 3966 + 6096. What is the ten thousands digit of x?
1
Let p(o) = 59*o**2 - 5*o. Suppose 0 = -t - 4*z + 8, -4*z + 3*z + 15 = -3*t. What is the tens digit of p(t)?
6
Suppose -4*s = -4 - 4. Let m be (70 - (0 - 0)) + (s - 1). Let i = 20 + m. What is the tens digit of i?
9
Let n(w) = w**2 - 19*w - 90. Let g be n(23). Suppose -g*d = 4*h - 8*h + 2340, -3*h = d - 1755. What is the hundreds digit of h?
5
Suppose 0 = -60*m - 184099 + 574279. What is the tens digit of m?
0
Let j = -94362 - -166035. What is the thousands digit of j?
1
Suppose 0 = -3*s + 41 - 32, -3*u + 1737 = -5*s. What is the units digit of u?
4
Let q be (-7 + 3)/2 + -42. Suppose -4*i = 3*s - 2*s - 25, 0 = -i + 3. Let w = s - q. What is the tens digit of w?
5
Let w(t) = 658*t**2 + 4*t + 24. What is the thousands digit of w(-6)?
3
Let t be (-1342)/(-12) - (22/12 + -2). Let r = t + -54. Let g = 59 - r. What is the units digit of g?
1
Let n = -23 - -12. Let s(x) = -3*x**2 + 7*x - 22. Let t(c) = -c**2 - c + 1. Let a(h) = -s(h) + 4*t(h). What is the tens digit of a(n)?
2
Let r(f) = -7*f**3 + 8*f**2 - 2*f - 331. What is the hundreds digit of r(-13)?
4
Suppose -4*y = 227 + 189. Let t = 100 + y. What is the units digit of (-1)/t + (1881/(-12))/(-1)?
7
Let x be (-4)/(-5 + 3/1). Let s(m) = x*m**2 + 6 + 3*m**3 - 6*m + 0 - 4*m**3 - 7. What is the tens digit of s(-3)?
6
Suppose -2*g = 3*r - 10, 0*g = g - 5*r - 5. Suppose -g*q - 476 = 2*b - 1388, -3*b + 1347 = -3*q. What is the tens digit of b?
5
Let o be 10/12 - 713/(-138). Suppose -578 = -4*a + o*q - 3*q, 0 = -2*a - 3*q + 280. What is the tens digit of a?
4
Let c(f) = -6*f**2 + 44*f + 9. Let g(y) = 25*y**2 - 175*y - 38. Let m(d) = -9*c(d) - 2*g(d). What is the hundreds digit of m(20)?
6
Let g = 106 - 37. What is the units digit of (-2971)/(-4) + g/276?
3
Suppose 54 = 9*r - 72. What is the tens digit of (2289/r)/((-15)/(-110))?
9
Let a(w) = -61*w - 438. What is the units digit of a(-20)?
2
Let x(p) = -1042*p - 3272. What is the hundreds digit of x(-9)?
1
Suppose -3*w - 1 = -2*m - 2, 5*m - 4 = w. Let z be 450/4 - m/2. Let c = z - -146. What is the tens digit of c?
5
Suppose -3*o = -c + 9415, -1243 = -c + o + 8178. What is the thousands digit of c?
9
Suppose -3*v - 5*t + 52142 = 12663, 3*v - t - 39509 = 0. What is the hundreds digit of v?
1
Suppose -4*z - 81 = 111. Let f be (38/(-4))/((-8)/z). Let h = 92 + f. What is the units digit of h?
5
Let f(v) = -10 - 2 + 4 - 6*v + 2*v. Let t be f(-2). What is the tens digit of -1 + 3 + t + 1 - -9?
1
Let r(y) = 134*y**3 + 5*y**2 + 12*y - 8. What is the tens digit of r(4)?
9
Suppose 0 = -96*q + 42*q + 1159650. What is the tens digit of q?
7
Let b be -1 + (-1 - -4) - (0 + 0). Let c be b/(-7) - (-648)/14. What is the units digit of c + -14 + 1*3?
5
Suppose 1543*q = 1534*q + 776637. What is the hundreds digit of q?
2
Let y = -198 + 212. Suppose -y*n - 502 = -7922. What is the tens digit of n?
3
Let x = -216 + 219. Suppose 4*m - k = 2255, -14*m + 12*m = -x*k - 1125. What is the hundreds digit of m?
5
Suppose -2*x = -4*o + 6*o - 736, 3*o = -6. Suppose -2*y + x = 4*p, 2*y - 5*p = -3*p + 394. Suppose -y = -5*m + 27. What is the tens digit of m?
4
Let y = 1861 - -6077. What is the units digit of y?
8
Let w be 3*6/81 + 6/(-27). Suppose w*o - 8*o = 48. Let p(y) = 2*y**3 + 15*y**2 + 2*y - 6. What is the units digit of p(o)?
0
Let k(s) = -12*s**3 - 11*s**2 + 14*s - 26. What is the tens digit of k(-8)?
0
Let h(n) = n**3 + 130*n + 5 - 22*n**2 - 109*n + 8. Let g be h(21). Let w(j) = 11*j + 17. What is the hundreds digit of w(g)?
1
Suppose -3*l + 337 = -2*w, w = -l - 0*l - 161. Let p(n) = -n**3 - 12*n**2 + 31*n + 28. Let s be p(-15). Let i = w + s. What is the tens 